third derivative of i**5/60 - 7*i**4/12 - 8*i**3/3 + 7*i**2 + 1. Determine n(15).
-1
Suppose -5*v - 40 = -a, 5 + 11 = -2*v - a. Let s be (v/(-10))/(4/(-10)). Let o be (-2)/3*(s - -5). Let r(c) = c**3 + 3*c**2 + c - 1. Calculate r(o).
1
Let j(y) = -y**2 + y. Let f(c) = -3*c**2 + 2*c - 6. Let n(x) = f(x) - 2*j(x). Suppose 5*u - 4 = 6. Suppose 5*w = u*w. Determine n(w).
-6
Let b be ((-2)/5)/((-4)/10). Let m(h) = -5*h**2 + 19*h + 2. Let u(i) = -9*i**2 + 32*i + 3. Let v(x) = -5*m(x) + 3*u(x). What is v(b)?
-2
Suppose w = 3*y - 0 + 1, 2*w + 1 = 3*y. Let o(r) = -2*r**2 + 2. Let m be o(y). Let j(q) = 0*q + 2*q**2 - q**3 - 10*q**3 - q + m*q**3. What is j(1)?
-10
Let h(r) = r - 1. Let j(o) = -o**2 + 2*o + 14. Let t be 1*(-2 - ((-2)/(-1))/(-2)). Let z(g) = t*j(g) - 4*h(g). Calculate z(7).
-3
Suppose -7*l + 6*l = -4. Let y(i) = -3*i + 6. Calculate y(l).
-6
Let x(q) = q + 6. Suppose 0 = -5*j - 5*u + 2*u - 43, 5*j - 4*u = -71. Determine x(j).
-5
Let m(k) = -5*k**3 + 2*k**2 - 3*k - 6. Let l(b) = 14*b**3 - 7*b**2 + 8*b + 17. Let c(w) = -4*l(w) - 11*m(w). Suppose 0 = 28*u + 11*u - 234. What is c(u)?
4
Let p(w) = -w**2 + 8*w - 3. Let a(h) = h**2 - 5*h + 2. Let f(k) = -3*a(k) - 2*p(k). Calculate f(-3).
-6
Suppose 5*r - 76 + 91 = 0. Let q(g) = -2*g**3 - 5*g**2 - 3*g + 2. Calculate q(r).
20
Let b(o) = -24*o + 4*o**3 - 24*o**2 - 2*o**2 + 2 - 8 - 6*o**3 + 0*o**3. Calculate b(-12).
-6
Let j(b) = 8*b**2 + 11*b + 2. Let g(l) = -9*l**2 - 12*l - 5. Let p(r) = -3*g(r) - 4*j(r). Give p(1).
-6
Let j be ((-12)/(-5))/(6/(-20)). Let i be j/(-36) - 16/(-9). Let x(s) = 3*s**i + 3*s - 2*s - 2*s**2. Calculate x(-3).
6
Suppose -3*r - 4*l + 18 = -17, -5*r - 2*l + 77 = 0. Let i(s) = r + s - 6 - 12. What is i(0)?
-1
Let q(y) = -y**2 - 2*y - 2. Let b(x) be the third derivative of 5/8*x**4 + 5/2*x**3 + 1/10*x**5 + 0 + 2*x**2 + 0*x. Let w(o) = -2*b(o) - 15*q(o). What is w(1)?
3
Let j(x) = -1 - 6*x - 2 - 85*x**2 + 2 + 78*x**2 - x**3. Determine j(-7).
41
Let h be 6/4 - (-5)/10. Let x(j) = 0*j**2 - j**2 - 7*j + 13*j + h - 4*j. Calculate x(4).
-6
Let x(f) = f**3 + 7*f**2 - 3*f + 37. Suppose 360 = -33*j - 12*j. What is x(j)?
-3
Let r(h) = -2 - 394*h**2 + 393*h**2 + 7 - 9*h - 1. Determine r(-9).
4
Let q(c) = 0 - 3*c - 9*c + 19 - 5*c + 19*c. What is q(0)?
19
Let c(h) be the third derivative of h**5/60 - h**4/3 + 4*h**3/3 + 3*h**2 - 13*h. Give c(7).
1
Let f(h) = h**3 - 12*h**2 + h - 11. Let j be f(12). Let v(d) = 6*d - 5*d + 83*d**3 - 81*d**3. Calculate v(j).
3
Let z be (7/(-28))/((-1)/12). Suppose 4*y = 5*f + 9, -8*f = -z*f - 3*y + 8. Let w(k) be the third derivative of -2*k**5/15 - k**4/24 - 2*k**2. What is w(f)?
-7
Suppose 2*i = -s - 8, i = -s + 53 - 56. Let t(o) = -3*o**2 + 13*o - 7. Let x(p) = 4*p**2 - 19*p + 10. Let y(w) = -7*t(w) - 5*x(w). Calculate y(i).
4
Let t(c) = -c - 8. Let u be t(-13). Let n(a) = a - u*a - a. Let w be (2 + 3/(-1))/1. Determine n(w).
5
Let z(f) = f**2 + 4 - 1 - 1 - 8. Let d(s) = 2*s + 58. Let r be d(-29). Give z(r).
-6
Suppose -5*l + 0*v = 4*v + 104, l + 5*v + 25 = 0. Let f = l + 20. Suppose 5*r + 5*s - 5 = f, 2*r = 6*r + 3*s. Let a(i) = 3*i**2 + 4*i. What is a(r)?
15
Let q(b) be the third derivative of 0*b**3 + 0 - 1/8*b**4 - 4*b**2 + 0*b. Give q(-5).
15
Let u(m) = m**3 + 15*m**2 + 15*m + 18. Let n be u(-14). Let d(g) = -g + n*g - g + 2 - g. Determine d(6).
8
Let q(n) = 5*n**3 - 13*n**2 + 4*n - 9. Let z(j) = -j**3 + 3*j**2 - j + 1. Let v(a) = -q(a) - 4*z(a). Determine v(0).
5
Let x(r) = 0*r + 3*r**2 - r**3 + 2*r + 10*r**2 + 3 - 6*r**2. Suppose 5*o - 5*m - 2 - 28 = 0, -18 = -2*o - 4*m. Calculate x(o).
17
Let w(o) = -o**2 + o + 1. Let l(j) = -5*j**2 - 3*j + 4. Let u(r) = l(r) - 4*w(r). Let h be u(-6). Let v(b) = -1 - 8*b**2 + 2*b**2 - 3 + b**3. Calculate v(h).
-4
Let n(b) = 21*b - 53*b + 16*b - 17 + 18*b. Calculate n(14).
11
Let s(k) = -2 + 2*k**2 - 816*k + 816*k. Calculate s(2).
6
Let z(o) = -90 - 88 + o + 270 - 71. What is z(-15)?
6
Let d(n) = 18*n**2 + 1. Let u = -18 - -19. What is d(u)?
19
Let d(j) = -j**2 - 8*j - 5. Let g(k) = -k**2 - 9*k - 6. Let z be 1 - 2/(-3)*-9. Let m(q) = z*d(q) + 4*g(q). Give m(-5).
6
Let b = 120 - 118. Let w(o) = -5 + 10 + 32*o**2 - 9*o - 31*o**b. Give w(7).
-9
Let v(m) = -2*m - 1 + 3*m + m - m**2 - 3*m. Let i = 8 - 9. Let t be v(i). Let x(n) = -n**3 + 2*n**2 + 2*n + 1. Determine x(t).
2
Let j(o) = o**2 + 3. Suppose 4*s = 163 - 179. Determine j(s).
19
Let d(s) = -3*s**2 + s - 2. Let x(c) = c**2 - c. Let a(h) = d(h) + 2*x(h). Let u(g) = -g**2 + 7*g + 6. Let p be u(8). Calculate a(p).
-4
Let u(n) = -2 - n**3 + n**2 + 0*n**2 + 3*n + 4. Let t(k) = k**3 + 9*k**2 - k - 6. Suppose 5*y = -10 - 10, -5*j - 5*y - 65 = 0. Let i be t(j). Determine u(i).
-7
Let i = -14 - -17. Suppose -10 = 2*x - i*x + 2*v, -5*x + v + 14 = 0. Let w(h) = -8*h**3 + 6*h**x - 3*h - 1 + 4*h - 5*h**2. Give w(1).
-7
Suppose -3*n + 7 = w, 0 = w - 2*n - 3*n + 17. Let o(z) be the second derivative of z**5/20 + z**4/6 - z**3/6 - 13*z - 63. Give o(w).
2
Let p = 3 - 2. Let l be 2*(-2)/8*(-11 + 5). Let q(a) = -l + a**2 + a**2 + p + 2*a + 7*a**3 + 3. What is q(-1)?
-6
Let c(a) = a**2 + a. Let k = -19 - 75. Let z = k + 97. Calculate c(z).
12
Let u(b) = -b**3 - b + 2. Let a(s) = 3*s + 2. Let y be a(-1). Let v = y - -1. Give u(v).
2
Let n(b) = -b**3 - 4*b**2 - 3*b - 4. Let g(c) be the first derivative of -c**4/4 - c**3 - 4*c - 46. Let m be -6 - -3 - (1 - 1). Let j be g(m). What is n(j)?
8
Suppose 0*a + 2*a - 10 = 0. Suppose -a*s + 2 = -8. Let k(t) be the first derivative of t**4/4 + t**2/2 - 2*t + 7. Give k(s).
8
Let j(m) = -9*m**3 - m**2 - m - 1. Let s be j(-1). Let g = s - 13. Let v(c) = c + 2. Calculate v(g).
-3
Let q(a) = -14*a**3 - 37*a**2 - 4*a + 6. Let p(t) = -5*t**3 - 13*t**2 - t + 2. Let c(b) = 17*p(b) - 6*q(b). What is c(3)?
1
Let t(q) = q**3 - 11*q**2 + 21*q - 6. Let c(v) = -v**3 + 12*v**2 - 26*v + 7. Let i(s) = -4*c(s) - 5*t(s). Determine i(6).
32
Let w(a) = a**3 + 15*a**2 + 16*a + 24. Suppose 13*c - 5*c + 112 = 0. Let o be w(c). Let h(v) = -v**3 - 2*v**2 + 6*v + 5. What is h(o)?
13
Let w(v) be the second derivative of v**4/12 + 3*v**3/2 + 9*v**2/2 + 352*v. Let z(k) = k**2 + 9*k + 6. Let c be z(-7). Calculate w(c).
1
Let i(j) = -j**2 - 6*j - 4. Let d be i(-4). Suppose u + 4 = 7. Let c(k) = -k**3 - 7*k**2 + k + 2 + u*k**2 - 4 + d*k. What is c(-5)?
-2
Let v(z) = 1 + 0*z + 13 - 2 + 0 - z. What is v(18)?
-6
Let n(p) = -p**2 - 6. Let b(o) = -2*o**2 - 12*o + 14. Let k be b(-7). Suppose k = 3*g + 2*a - 5*a + 15, 0 = -4*a + 20. Give n(g).
-6
Let r(q) = -q**2 + 20*q + 5. Let k be 518/70 + 12/20 + 13. Calculate r(k).
-16
Let s = 3 - 5. Let j be ((-2)/4)/(s/(-24)). Let v = 7 + j. Let l(h) = 7*h**3 - 2*h**2 + 1. Calculate l(v).
6
Let p(q) = -3*q**2 - 1 - 2*q - 5*q**3 + 3*q**2 + 12*q**3. Let s(u) = -6*u**3 + 2*u + 1. Let t(c) = 3*p(c) + 4*s(c). Determine t(-1).
2
Let i(n) = -n - 4. Let v(q) = -3*q - 1. Let y be v(-4). Suppose -3*z = -y + 20. Let m be -2*z/(-6) - -1. What is i(m)?
-4
Let i(j) = j**3 - 7*j**2 - 9*j + 11. Let d be -3*1 - 44/(-4). Let g be i(d). Let z(s) = -s**3 + 4*s**2 + s + 1. What is z(g)?
13
Let b(w) = -w**2 + 5*w + 7. Suppose 0 = 2*l + 8 - 28. Suppose l*n - 14*n = -20. Determine b(n).
7
Let m = -110 - -62. Let d = m - -42. Let p(u) = -u**3 - 5*u**2 + 9*u + 5. Calculate p(d).
-13
Let f(d) = -3*d**2 + 7*d + 29. Let x(i) be the first derivative of -2*i**3/3 + 2*i**2 + 14*i - 46. Let g(s) = 3*f(s) - 5*x(s). What is g(0)?
17
Suppose 0*b + 24 = 2*b + 4*y, -2*b = 2*y - 16. Let g = -5 + 7. Suppose -g*q + 18 = b. Let v(i) = -i**2 + 9*i - 10. Calculate v(q).
4
Let w(d) be the third derivative of d**4/24 + d**3/2 + d**2. Let b = 130 + -127. Suppose 1 = 2*x - h, 2*x + b*h = -0*h - 3. What is w(x)?
3
Let m(c) = 5*c - 9. Let w = 4 - 5. Let j(p) = -2. Let z(r) = -1. Let x(d) = 4*j(d) - 7*z(d). Let n(s) = w*m(s) + 3*x(s). Calculate n(4).
-14
Let c(v) = -3*v - 1. Let a be (-4)/(-10) - 846/(-10). Let w be (-4)/(-3) - a/(-15). Let r = -6 + w. Determine c(r).
-4
Let j(w) = 3*w**3 + 60*w**2 - w - 19. Let u be j(-20). Let q(z) = -z**2 + z. Give q(u).
0
Suppose -6*j = -34 + 100. Let l(h) = -h**2 - 7*h + 10. Determine l(j).
-34
Let u(m) = -5*m - 9*m**2 - m**2 - 4*m**2 + 12*m**2 + m**2 + 5. Give u(-5).
5
Let f(l) = 7*l**3 + 2*l**2 - 10*l - 2. Let b(u) = 10*u**3 - 7*u**3 - 4 + 3*u**2 - 3*u